2. Let k = 398 + -394. Calculate t(k).
22
Let v(n) = -9 - n + n + n. Let p be -8 - (3 + 9 - 26). Determine v(p).
-3
Let k = -30 - -58. Suppose -x - a = -11, 2*x + 0*x - k = a. Suppose 4*p + 2*r - x = -r, p = -4*r + 13. Let l(g) = -4*g**2 + g. Calculate l(p).
-3
Let s(c) = -10*c**3 + c**2 + c - 2. Suppose 25*q = -6 + 31. Calculate s(q).
-10
Let g(c) = -3*c + 8. Let r = -1 + -9. Let j(k) = -k**2 - 11*k - 4. Let x be j(r). Calculate g(x).
-10
Let s(x) = x**3 - 2*x**2 - 4*x + 3. Let g(r) be the third derivative of -r**5/60 + r**4/8 + 4*r**3/3 - 38*r**2. Let q be g(4). Give s(q).
19
Suppose 5*s - s = 4*i - 32, 4*s = -12. Suppose 0*g + 7 = -i*g + 4*p, 5 = g - 4*p. Let b(m) = -2*m**2 + 4. Determine b(g).
-14
Suppose -6*x = 4*x + 20. Suppose -2*r - 2*r = -d + 1, d - 7 = -2*r. Let u(o) = r + 5*o + 2 - 2*o + 0. Give u(x).
-3
Let d(o) = o**3 - o**2 + o - 2. Let j(t) = t**3 + 3*t**2 - 3*t + 2. Let p = -33 - -29. Let s be j(p). Calculate d(s).
-16
Suppose 4*q - 3*b - 31 = -6*b, q - 5*b = 2. Let i(a) = 5*a**2 + 16 - 23 - q*a + 2*a**3 - a**3. What is i(-6)?
-1
Let n(u) = -108*u**2 + 109*u**2 + 8*u + 52 - 8*u + 13*u. Determine n(-7).
10
Suppose -3*r + 16 = 4. Let x be -10 + 1 + r/(-4). Let w be 4/x - 208/80. Let y(j) = 2*j + 4. Give y(w).
-2
Let v(c) be the third derivative of c**5/60 + c**4/8 - c**3/3 - 92*c**2. Give v(1).
2
Suppose -3*r - 5 = 4*k, 4*k + 15 = -r - 0. Let j(u) = u**3 + 5*u**2 + u. Calculate j(k).
-5
Suppose 13*p - 69 = -4. Suppose 8*t = 6*t - 4*g, -p*g + 5 = 3*t. Let k(v) = v**3 - 11*v**2 + 10*v. Give k(t).
0
Let r(p) = -p**2 - 17*p + 61. Let v be r(-20). Let g(y) = 4 + 10*y**3 + y**2 + y**3 - 5. What is g(v)?
11
Let n(w) = -2*w + 5. Let b be (-35 - -7)/(-7) - 12. Give n(b).
21
Let u = 370 - 190. Let o be (u/(-75))/((-2)/5). Let c(i) = i**2 - 6*i - 2. Give c(o).
-2
Let h(d) = d**3 - 8*d**2 + 4*d + 12. Let u(f) = -f**3 + 7*f**2 + f - 35. Let l be u(6). Calculate h(l).
-9
Let k = -30382 - -30376. Let u(r) = 5*r - 2*r + r**2 + r - 8. Calculate u(k).
4
Let c(k) = -k**3 + 5*k**2 + 6*k - 9. Let a = 19 - 11. Suppose 0*u + 4*u = 40. Suppose -4*q - a = 0, z - u = -z - q. Calculate c(z).
-9
Let j(p) = 2*p - 4. Let k = 598 - 599. Determine j(k).
-6
Let w(g) = -2*g + 4. Suppose -p - c + 8 = 0, 5*c - 13 = 3*p - 5. Let h be -5 + 4 - -10 - p. Calculate w(h).
-6
Suppose 9*i = -5*i - 3*i. Let n(v) be the third derivative of -v**5/60 + v**4/24 - 4*v**3/3 - 4*v**2. Calculate n(i).
-8
Let h(x) = -3*x + 10*x - x**2 - 13 + 10. Let i(z) = z**2. Let c(y) = h(y) + 2*i(y). Determine c(-6).
-9
Let x(n) be the first derivative of -1/6*n**4 + 2/3*n**3 - 6 - n**2 + 4*n. Let z(j) be the first derivative of x(j). Give z(2).
-2
Let d(q) = q**2 + 9*q + 18. Let x be 15/(-3)*70/(-50) + -13. Determine d(x).
0
Let v(u) = u**3 + 6*u**2 - 10*u - 4. Suppose -3*p - 8 = -h - 6*p, -22 = h - 3*p. Determine v(h).
17
Let q(f) = -f**3 - f**2 - 1. Let t(u) = 5*u**3 - 2*u**2 + 5*u + 2. Let m(l) = 4*q(l) + t(l). What is m(5)?
-2
Let y(b) = -b**3 - 6*b**2 + 9*b + 6. Let l be (-6)/(-4) + 180/24. Let a(q) = -q**2 + 9*q - 7. Let r be a(l). Calculate y(r).
-8
Suppose o - 9 = 5*r, -2 - 11 = -3*r - 4*o. Let d(f) = 11*f + 7. Calculate d(r).
-4
Let o(z) = 5*z**2 + 7. Let b(v) = 4*v**2 - 6*v**2 + 6 + 6*v**2. Let j(r) = -6*b(r) + 5*o(r). Give j(0).
-1
Let x(c) be the first derivative of -c**3/3 + 5*c**2/2 + c - 1. Suppose b + 2 = 4. Let l be (-3)/1 - 35/(-10)*b. Calculate x(l).
5
Let a(g) = 0 + 16*g + 11*g - 15 - g**2 - 16*g - 8. Determine a(6).
7
Suppose -5*z - 8 = -2*s, -5*z = -2*s + 4*s - 8. Let q(k) be the second derivative of 7*k + 2*k**2 + z + 1/3*k**3. What is q(-5)?
-6
Let r(y) = y**3 + 13*y**2 - y - 14. Let h be r(-13). Let o be (h + (-28)/(-16))*(6 - -6). Let q(a) = -a**3 + 8*a**2 + 8*a + 12. Calculate q(o).
3
Let u(v) = -5*v. Let i(c) = 13*c + 8*c - 32*c. Let s(w) = 6*i(w) - 13*u(w). Give s(-4).
4
Let r(b) = -17*b - 23. Let k(y) = 1 - 16 + 13*y - 24*y. Let m(t) = 8*k(t) - 5*r(t). Determine m(-6).
13
Suppose -4*o - 5*t - 22 = 0, 5*o - 5*t = -31 + 26. Let g(f) be the third derivative of f**6/120 + f**5/20 - f**4/24 - f**3/6 - 3*f**2. What is g(o)?
2
Let p(u) = 8*u + 2. Let d = 937 - 941. Calculate p(d).
-30
Suppose 66*l + 308 - 110 = 0. Let a(x) = -7*x - 1. What is a(l)?
20
Let t(p) = 4*p**3 - 1 - 3*p**3 - 1 + p**2 + 2*p + p**3. Let j(i) = i**3 + i**2 + 2*i - 2. Let w(y) = 3*j(y) - 2*t(y). Let b = 245 + -242. Give w(b).
-14
Let k be 82/6 + 3/9. Suppose c - l - 5 + 0 = 0, c - 4*l - k = 0. Let y(o) = c*o**2 + o + 5*o - o**2 + 4 - 3. Calculate y(-6).
1
Let q be -2 + (-6 - 0)/3. Let y(h) be the third derivative of -1/6*h**3 + 3*h**2 + 0 + 0*h + 1/24*h**4. What is y(q)?
-5
Let v(n) = -n**2 - 5*n - 5. Let x be 4 + -3 + (1 - 0). Suppose -36 = -0*s - x*s. Suppose 4*z + s = z. Calculate v(z).
-11
Let u(x) = -x**3 + 10*x**2 + 11*x + 9. Suppose 181*d = 182*d - 11. What is u(d)?
9
Let r be 1 - (1 - (-1 + 2)). Let t(u) be the second derivative of u**5/2 + u**4/12 - u**3/3 + u**2/2 + 460*u. Determine t(r).
10
Let h(q) = -q**2 - 1. Let y(a) = -4*a**2 + 5*a + 2. Let d(c) = -c**3 - 5*c**2 - 5*c - 7. Let n be d(-4). Let x(p) = n*h(p) + y(p). Determine x(6).
-1
Let x = 198 - 193. Let g(h) = -2*h + 6*h - x*h. Let t be (-4)/(-14) + 40/7. Calculate g(t).
-6
Let n(i) = i + 1. Let f be n(0). Let o(d) = 4*d**2 + 7. Let u(x) = 2. Let w(v) = o(v) - 3*u(v). Give w(f).
5
Let i(b) = -b**3 + 12*b**2 - 25*b - 14. Let o be i(9). Let q(w) = 3*w - 8. Give q(o).
4
Let y(a) = a**3 + 15*a**2 - 15*a + 21. Let f be y(-16). Let l(j) = 2*j**2 - 19*j - 10. Let i(b) = -b**2 + 9*b + 5. Let g(m) = 13*i(m) + 6*l(m). What is g(f)?
-5
Let s(g) = -3*g - 14. Let x(w) = 2*w + 9. Let a(q) = 5*s(q) + 8*x(q). Suppose 2*d = d. Suppose d = -2*i - 2*i + 8. Calculate a(i).
4
Suppose 2*b - 22 = -5*d, -2*d - b - 19 = -7*d. Let t(p) = -4*p**2 + p - 5. What is t(d)?
-65
Let i(a) = -11*a + 3. Let x = -785 + 788. Calculate i(x).
-30
Let l(r) = -r - 11*r**2 - r**3 - 20*r**2 + 29*r**2 + 3. Give l(-2).
5
Let n(k) be the second derivative of 0*k**2 + 1/4*k**4 + 1/6*k**3 + 36*k + 2. Suppose 0*w = -3*w + 4*l - 9, -12 = 3*w - 5*l. What is n(w)?
4
Let q(i) = -2 - 289*i**2 - i + 159*i**2 + 138*i**2. Determine q(-1).
7
Let u(k) = -k**2 + 13*k - 37. Let f(n) = -n**2 + 11*n - 37. Let a(z) = 6*f(z) - 5*u(z). What is a(0)?
-37
Let t(s) = 1 - s**2 + 3*s - 3*s. Let w = -26617 + 26622. Give t(w).
-24
Let d(i) be the third derivative of -i**6/120 + i**5/12 + i**4/6 + i**3 + 4*i**2 + 8*i. What is d(5)?
26
Let x(q) = -q**3 + 6*q**2 + 8*q. Let d be 34/(-10) - 2 - 2/(-5). Let k = d - -12. Determine x(k).
7
Let p be (0/4)/(2/3*3). Let i(m) = p*m**2 - m**2 - 61*m - 3*m**3 + 62*m + 8*m**3. Determine i(1).
5
Let s(y) = -y + 1. Let d be s(-1). Let n = -93 - -97. Let q(a) = 2*a + d - 5 + n*a. What is q(2)?
9
Let b(u) = 5*u - 2*u**2 - 19 - 6 + 29. Let r be 4/5*(-5)/(-1). Determine b(r).
-8
Let q be 39/9 - (-2)/(-6). Let v(a) be the second derivative of a**5/20 - a**4/12 - 5*a**3/6 - 3*a**2/2 - 2*a + 6. Give v(q).
25
Let f(g) be the second derivative of -g**3/6 - g**2 + g. Let h be ((-25)/(-10))/((-1)/2). Let t be f(h). Let j(x) = 3*x - 2. What is j(t)?
7
Let a be 16/(3 - -1) + -2. Suppose 2*f = 8 - a. Let v(w) = w**3 - 3*w**2 - w - 2. Determine v(f).
-5
Let l(w) = 645*w**2 + 644*w**2 - 1288*w**2 + 8 + 7*w. Let c = -10 + 14. Suppose -26 = c*n - 2. Determine l(n).
2
Let u(q) = -8*q - 21. Let c(i) = -4*i - 12. Let a(h) = -7*c(h) + 4*u(h). Let z = 2 + -3. Give a(z).
4
Let z(n) = n**2 - 5*n + 5. Suppose -514 = 3*x - 529. Calculate z(x).
5
Suppose 5*o = 5*u + 12 + 3, 0 = -5*o - u + 15. Let l(z) = -z - 2*z**3 - 6*z**3 - 2*z**o. Suppose 3*y + 16 = 7*y + 3*a, 3*a = 2*y + 10. Determine l(y).
-11
Let k(o) be the first derivative of o**3/3 + 11*o**2/2 + 6*o - 10. Let r be k(-10). Let n(t) = t**3 + 5*t**2 + 5*t + 3. Determine n(r).
-1
Let p(x) = -x**3 - 3*x**2 + 4*x - 4. Let v be (-3)/(-2)*1*(6 + -8). Let r be -2*2/(1*(4 + v)). Give p(r).
-4
Let t(f) = -2*f + 7. Let c(b) = 6*b - 20. Suppose 12*z + 28 = 10*z. Let n(r) = z*t(r) - 5*c(r). Determine n(5).
-8
Suppose 3*s + 11 = -n, -2*n - 2*s + 0*s - 2 = 0. Suppose 3*k - n*k + 1 = 0. Let v(q) = 6*q. Give v(k).
6
Let w(h) = 5*h + 3. Suppose -11 = -4*n + i, 0 = 18*n - 15*n + 2*i - 11. Calculate w(n).
18
Let p(g) = -g**3 + 8*g**2 - 7*g - 8. Suppose 4*t